 7 - -82005?
82010
In base 9, what is -2 - 6107?
-6110
In base 16, what is 25aa8 + -16?
25a92
In base 12, what is -189063 - -2?
-189061
In base 16, what is 2721 - 2?
271f
In base 8, what is -3 - -67?
64
In base 2, what is -111 + -110000011000101?
-110000011001100
In base 7, what is 342225 - 3?
342222
In base 4, what is 0 - -300211?
300211
In base 13, what is 13 + -3cc?
-3b9
In base 5, what is 4141421 - 3?
4141413
In base 15, what is -1b1 - -18a?
-26
In base 5, what is -232031 + 214?
-231312
In base 12, what is 12629 - 3?
12626
In base 14, what is 4 - -2a19?
2a1d
In base 12, what is -18ab75 - 2?
-18ab77
In base 7, what is -20 + -1023?
-1043
In base 3, what is -102222221000 - 20?
-102222221020
In base 12, what is -24 + -2b81?
-2ba5
In base 2, what is 1000101001010110 + 10?
1000101001011000
In base 15, what is 9e + -e5?
-46
In base 4, what is 1021 - -2132?
3213
In base 2, what is -1 + 110101100000101111?
110101100000101110
In base 15, what is -1eb + 3?
-1e8
In base 4, what is -300110322 - 10?
-300110332
In base 7, what is -1 + -20053?
-20054
In base 16, what is -3 + -2aa1?
-2aa4
In base 4, what is 310022110 + -20?
310022030
In base 8, what is 426472 + 13?
426505
In base 2, what is 111001111 + -101000111?
10001000
In base 5, what is 42042240 - 1?
42042234
In base 13, what is -14 - -12c18?
12c04
In base 8, what is -1026 + -161?
-1207
In base 9, what is 7215 + -4?
7211
In base 10, what is -50354 + -4?
-50358
In base 7, what is -2503 - -166?
-2304
In base 9, what is -45 - 15201?
-15246
In base 8, what is -14775 + 0?
-14775
In base 9, what is -866 - 644?
-1621
In base 4, what is -1230 + -30130?
-32020
In base 5, what is 433 - 220142?
-214204
In base 3, what is -21210000001 + 102?
-21202222122
In base 5, what is 4003 - 144?
3304
In base 14, what is -8 + 2b56?
2b4c
In base 13, what is -7726 - -a?
-7719
In base 3, what is -12221121 + -20?
-12221211
In base 8, what is -16001 + -34?
-16035
In base 7, what is -1342 + -43?
-1415
In base 14, what is -5 + 504c?
5047
In base 13, what is 17 - 5383?
-5369
In base 3, what is 2 - 121102222010?
-121102222001
In base 7, what is -55521 - -5?
-55513
In base 12, what is 116 + -9?
109
In base 3, what is -111001212 - -2121?
-110222021
In base 13, what is -1 + 74256?
74255
In base 8, what is -257703 + -4?
-257707
In base 10, what is -26333 + -16?
-26349
In base 2, what is -11 + -1000111001110?
-1000111010001
In base 4, what is -22010 - -30?
-21320
In base 8, what is 1055004 + 0?
1055004
In base 8, what is -63 + 7166?
7103
In base 15, what is 1055 - -36?
108b
In base 13, what is -24 - 40?
-64
In base 13, what is 1685b + -1?
1685a
In base 10, what is -1038 - 4135?
-5173
In base 2, what is -101 - 10000000101001000?
-10000000101001101
In base 3, what is 112221 + -101?
112120
In base 4, what is -30123232 - 1003?
-30130301
In base 5, what is 1 + 101034122?
101034123
In base 14, what is -2 + 3bd050?
3bd04c
In base 10, what is -11395 - 29?
-11424
In base 12, what is 3 + -2402a?
-24027
In base 13, what is 3ac14c + 5?
3ac154
In base 10, what is -6545 - -18?
-6527
In base 3, what is 21100120112 - 10?
21100120102
In base 14, what is -306 - 53?
-359
In base 14, what is 232d69 - -5?
232d70
In base 11, what is -1 - -197?
196
In base 2, what is 10000110110110101110101 + -100?
10000110110110101110001
In base 2, what is -1111100 + -10010101010?
-10100100110
In base 14, what is 4 + 2c6b?
2c71
In base 8, what is 113 - -1145?
1260
In base 6, what is -3352255 - -1?
-3352254
In base 15, what is -301 - 1ed?
-4ee
In base 5, what is -12300421 + 10?
-12300411
In base 4, what is 13 - -2012321?
2013000
In base 5, what is 1144111410 - -10?
1144111420
In base 10, what is 1 + 423548?
423549
In base 15, what is -1 - 4413?
-4414
In base 14, what is b02c + 13?
b041
In base 14, what is -8 - -1023?
1019
In base 13, what is 4 + 1b5bc?
1b5c3
In base 16, what is 23 - -106b4?
106d7
In base 16, what is e - -9e4?
9f2
In base 2, what is -10000 - 1101100100010001101?
-1101100100010011101
In base 13, what is 10 - 4bca?
-4bba
In base 3, what is 11 - -1202000102?
1202000120
In base 4, what is -1033 + -3323?
-11022
In base 12, what is 40 - -13125?
13165
In base 10, what is -1685123 + 0?
-1685123
In base 4, what is -23303 + -20123?
-110032
In base 9, what is -18054 - 43?
-18107
In base 15, what is -6992 - -3?
-698e
In base 5, what is -30042 + -22132?
-102224
In base 4, what is -2 - 310131222?
-310131230
In base 15, what is -28 - 3aab?
-3ad4
In base 7, what is 14 + -136415?
-136401
In base 9, what is -442 - -6172?
5630
In base 8, what is -27 - -241142?
241113
In base 6, what is 32 - 134210?
-134134
In base 15, what is 7aaae + 0?
7aaae
In base 2, what is -1110101101 - 1110000101?
-11100110010
In base 6, what is 12533 - -1240?
14213
In base 16, what is 2 + 6a85e?
6a860
In base 6, what is 3 - 330212?
-330205
In base 12, what is -1 + 6829?
6828
In base 14, what is 1 + -50c?
-50b
In base 4, what is 12210000 - 103?
12203231
In base 4, what is 0 - -312001?
312001
In base 2, what is -1010001001 + -1010101000?
-10100110001
In base 5, what is -10 - -10440120?
10440110
In base 5, what is -11101 - -2312?
-3234
In base 10, what is 657574 + -2?
657572
In base 13, what is -c9802 + -3?
-c9805
In base 14, what is 9976 + 3?
9979
In base 2, what is 10101111000100001011 + 11?
10101111000100001110
In base 14, what is -d4 + -4d7?
-5cb
In base 2, what is 1011 - 110000111?
-101111100
In base 4, what is 20321 + -111321?
-31000
In base 11, what is 3 - 754139?
-754136
In base 8, what is -1 - -44210?
44207
In base 14, what is -149a451 - -1?
-149a450
In base 2, what is 101101110110 + -1110100111?
11111001111
In base 15, what is -3c33d + 2?
-3c33b
In base 10, what is 3 + -32161?
-32158
In base 12, what is -10035a2 + -3?
-10035a5
In base 8, what is 6 + -1154?
-1146
In base 9, what is -2 - -128003?
128001
In base 16, what is -5b22 + -6c?
-5b8e
In base 7, what is -2300404 + 4?
-2300400
In base 7, what is 16 + 2515105?
2515124
In base 15, what is 2035 + 209?
223e
In base 8, what is 1133025 - 22?
1133003
In base 2, what is 11 - 1100011010100001001?
-1100011010100000110
In base 14, what is 6185 - -c?
6193
In base 11, what is a3a71 + -6?
a3a66
In base 5, what is -2343 + -2220?
-10113
In base 14, what is 19 + -464c?
-4633
In base 14, what is 100a + 3d?
1049
In base 16, what is e2 + -83?
5f
In base 14, what is 6b0bd - -6?
6b0c5
In base 12, what is 5 - 84112?
-84109
In base 15, what is -d9 + 3b5?
2cb
In base 11, what is -169 + -238?
-3a6
In base 2, what is 1000 + -100000010011111001?
-100000010011110001
In base 3, what is -111002022121010 + -12?
-111002022121022
In base 11, what is -4 - -289148?
289144
In base 3, what is 11201200 + 0?
11201200
In base 11, what is 123 - 17a9?
-1686
In base 11, what is -295 + -8?
-2a2
In base 7, what is 25 - 103421?
-103363
In base 7, what is -14 - -164652?
164635
In base 9, what is 316 + -860?
-543
In base 7, what is -112564 - 2?
-112566
In base 14, what is 3 + -5609?
-5606
In base 10, what is 28 - -2325?
2353
In base 6, what is 233 - 502?
-225
In base 14, what is -86d + -11?
-880
In base 2, what is -110001111100011 + -100000000?
-110010011100011
In base 3, what is 102 + -11221222?
-11221120
In base 2, what is 101 + -10001001011110?
-10001001011001
In base 13, what is 545 - -18?
560
In base 10, what is -136 + -766?
-902
In base 6, what is -3 - -2010504?
2010501
In base 6, what is 134554 + 15?
135013
In base 9, what is 2774 + -16?
2757
In base 5, what is 12241 - -1012?
13303
In base 12, what is -3098 - -5?
-3093
In base 12, what is -a64 - -12?
-a52
In base 8, what is -2366 + -7?
-2375
In base 14, what is -949c + -19?
-94b7
In base 4, what is 11300 + 1213?
13113
In base 7, what is -303 - 133?
-436
In base 15, what is 1100ea + 1?
1100eb
In base 8, what is -5120415 - -5?
-5120410
In base 8, what is 1 - 760?
-757
In base 9, what is 10 + -17586?
-17576
In base 5, what is -102 - -103321?
103214
In base 6, what is 25525 - 4342?
21143
In base 2, what is 1110101 - 11011001100101?
-11010111110000
In base 5, what is 11000 - -1002?
12002
In base 15, what is -1 + -23e5d?
-23e5e
In base 9, what is -3466877 + 1?
-3466876
In base 12, what is -5b - -4a53?
49b4
In base 7, what is -1351664 + -1?
-1351665
In base 4, what is 3 - 3223311?
-3223302
In base 13, what is -5 + 3ca3?
3c9b
In base 10, wh